or of 897?
False
Is 22 a factor of 2200?
True
Does 80 divide 18800?
True
Is 3 a factor of 378?
True
Does 8 divide 4827?
False
Is 16 a factor of 914?
False
Is 138 a multiple of 51?
False
Is 18865 a multiple of 5?
True
Is 4 a factor of 4430?
False
Is 385 a multiple of 13?
False
Is 6074 a multiple of 46?
False
Is 18491 a multiple of 82?
False
Is 7137 a multiple of 14?
False
Is 160 a multiple of 5?
True
Does 121 divide 15125?
True
Does 4 divide 46?
False
Does 59 divide 1062?
True
Is 27 a factor of 880?
False
Is 5272 a multiple of 4?
True
Is 37044 a multiple of 108?
True
Does 29 divide 1560?
False
Is 18 a factor of 12358?
False
Is 5 a factor of 6593?
False
Is 1447 a multiple of 11?
False
Is 3031 a multiple of 4?
False
Is 39256 a multiple of 28?
True
Is 687 a multiple of 25?
False
Is 18 a factor of 6588?
True
Is 7 a factor of 105?
True
Is 150 a multiple of 10?
True
Does 19 divide 14934?
True
Does 169 divide 8428?
False
Is 3398 a multiple of 14?
False
Is 2180 a multiple of 96?
False
Does 54 divide 35100?
True
Does 133 divide 2660?
True
Does 4 divide 553?
False
Is 62 a factor of 9362?
True
Does 18 divide 2897?
False
Is 7 a factor of 131?
False
Is 10 a factor of 24?
False
Is 28840 a multiple of 8?
True
Is 52 a multiple of 26?
True
Is 10 a factor of 12748?
False
Is 27 a factor of 8073?
True
Does 27 divide 837?
True
Does 30 divide 13137?
False
Does 21 divide 4770?
False
Is 44748 a multiple of 12?
True
Does 12 divide 8496?
True
Is 3737 a multiple of 17?
False
Is 1729 a multiple of 19?
True
Does 34 divide 114?
False
Is 901 a multiple of 15?
False
Does 11 divide 8903?
False
Is 10 a factor of 129?
False
Is 18 a factor of 508?
False
Is 39 a factor of 3091?
False
Is 53 a factor of 14734?
True
Is 27 a factor of 13009?
False
Does 14 divide 490?
True
Is 4 a factor of 37175?
False
Does 85 divide 40563?
False
Does 7 divide 2198?
True
Does 21 divide 252?
True
Is 41 a factor of 3895?
True
Does 27 divide 108?
True
Does 5 divide 15?
True
Is 51 a factor of 37482?
False
Is 97 a multiple of 40?
False
Is 94 a factor of 658?
True
Does 62 divide 24180?
True
Does 217 divide 61194?
True
Does 9 divide 170?
False
Does 28 divide 1405?
False
Is 56661 a multiple of 11?
True
Does 51 divide 1261?
False
Is 3985 a multiple of 142?
False
Does 5 divide 57?
False
Does 13 divide 113?
False
Is 15200 a multiple of 25?
True
Is 856 a multiple of 23?
False
Is 14976 a multiple of 156?
True
Does 44 divide 12721?
False
Is 189 a multiple of 9?
True
Is 59369 a multiple of 15?
False
Is 942 a multiple of 82?
False
Is 14649 a multiple of 27?
False
Is 9367 a multiple of 19?
True
Is 11 a factor of 2551?
False
Is 48840 a multiple of 22?
True
Is 16248 a multiple of 6?
True
Is 8 a factor of 906?
False
Is 1806 a multiple of 43?
True
Is 1588 a multiple of 6?
False
Is 1700 a multiple of 35?
False
Is 24 a factor of 757?
False
Is 12870 a multiple of 165?
True
Does 24 divide 26213?
False
Is 12740 a multiple of 35?
True
Is 64 a factor of 1993?
False
Does 14 divide 159?
False
Does 13 divide 2119?
True
Is 72 a factor of 22355?
False
Does 151 divide 16006?
True
Does 37 divide 14245?
True
Is 387 a multiple of 63?
False
Is 131 a factor of 17754?
False
Is 16236 a multiple of 9?
True
Is 21662 a multiple of 38?
False
Does 5 divide 42?
False
Does 15 divide 12004?
False
Does 7 divide 226?
False
Is 2485 a multiple of 13?
False
Is 4 a factor of 956?
True
Is 120 a multiple of 2?
True
Is 53 a factor of 13982?
False
Is 116 a factor of 49764?
True
Does 51 divide 50745?
True
Does 20 divide 17740?
True
Is 79 a factor of 4740?
True
Is 1732 a multiple of 3?
False
Is 8063 a multiple of 25?
False
Does 80 divide 1840?
True
Does 14 divide 1558?
False
Is 32526 a multiple of 278?
True
Is 26 a factor of 4628?
True
Is 1370 a multiple of 13?
False
Is 25741 a multiple of 108?
False
Is 11 a factor of 53?
False
Is 121 a factor of 6688?
False
Does 14 divide 2981?
False
Does 124 divide 21824?
True
Does 36 divide 6309?
False
Does 33 divide 1518?
True
Is 11792 a multiple of 67?
True
Is 10741 a multiple of 6?
False
Is 61 a factor of 5472?
False
Does 46 divide 13570?
True
Is 41 a factor of 35356?
False
Is 198 a multiple of 9?
True
Is 1560 a multiple of 20?
True
Is 51 a factor of 67?
False
Is 81 a factor of 7452?
True
Is 57 a factor of 1358?
False
Is 49144 a multiple of 89?
False
Is 1045 a multiple of 19?
True
Is 4 a factor of 316?
True
Is 27 a factor of 4299?
False
Is 6 a factor of 153?
False
Does 52 divide 8480?
False
Does 2 divide 7?
False
Is 15792 a multiple of 28?
True
Is 5932 a multiple of 12?
False
Is 50 a factor of 498?
False
Does 60 divide 13544?
False
Is 29895 a multiple of 23?
False
Does 46 divide 3676?
False
Does 44 divide 1760?
True
Is 2002 a multiple of 14?
True
Does 20 divide 340?
True
Does 8 divide 257?
False
Is 75 a factor of 750?
True
Is 9879 a multiple of 79?
False
Is 23 a factor of 932?
False
Is 16 a factor of 1018?
False
Does 124 divide 4132?
False
Is 41205 a multiple of 205?
True
Is 4 a factor of 434?
False
Does 35 divide 8005?
False
Does 74 divide 1480?
True
Is 1288 a multiple of 28?
True
Is 36 a factor of 18477?
False
Is 1115 even?
False
Does 17 divide 15198?
True
Is 28 a factor of 3556?
True
Is 225 a multiple of 18?
False
Does 9 divide 108?
True
Is 161 a multiple of 8?
False
Is 6020 a multiple of 172?
True
Is 8398 a multiple of 13?
True
Is 30 a factor of 930?
True
Is 510 a multiple of 5?
True
Is 146 a multiple of 3?
False
Does 8 divide 40990?
False
Does 31 divide 1116?
True
Is 8932 a multiple of 40?
False
Does 20 divide 6921?
False
Does 16 divide 2410?
False
Is 180 a multiple of 6?
True
Is 25356 a multiple of 20?
False
Is 3528 a multiple of 36?
True
Does 47 divide 799?
True
Does 114 divide 6851?
False
Is 27 a factor of 1863?
True
Is 71 a factor of 4000?
False
Does 33 divide 27621?
True
Is 518 a multiple of 27?
False
Is 26866 a multiple of 19?
True
Does 21 divide 10210?
False
Does 11 divide 44?
True
Does 10 divide 2280?
True
Is 35016 a multiple of 119?
False
Is 304 a multiple of 3?
False
Is 2390 a multiple of 3?
False
Is 1142 a multiple of 59?
False
Is 493 a multiple of 19?
False
Is 4719 a multiple of 55?
False
Is 455 a multiple of 20?
False
Is 59 a factor of 19996?
False
Is 3 a factor of 108?
True
Does 21 divide 264?
False
Is 495 a multiple of 10?
False
Does 29 divide 1334?
True
Does 17 divide 12223?
True
Is 7344 a multiple of 34?
True
Does 22 divide 90619?
False
Does 9 divide 525?
False
Is 68 a multiple of 34?
True
Is 131 a factor of 4847?
True
Does 36 divide 324?
True
Is 56 a factor of 1820?
False
Is 49 a factor of 1225?
True
Is 227 a factor of 54480?
True
Does 39 divide 8073?
True
Does 73 divide 1825?
True
Is 20 a factor of 57?
False
Is 22102 a multiple of 62?
False
Does 37 divide 6458?
False
Is 77 a factor of 77?
True
Does 55 divide 286?
False
Is 40338 a multiple of 166?
True
Does 33 divide 558?
False
Is 9 a factor of 441?
True
Is 21 a multiple of 7?
True
Is 3 a factor of 7242?
True
Does 95 divide 7410?
True
Is 3760 a multiple of 20?
True
Is 5 a factor of 25?
True
Is 10 a factor of 5820?
True
Is 1824 a multiple of 76?
True
Does 8 divide 231?
False
Is 511 a multiple of 10?
False
Is 6108 a multiple of 12?
True
Is 45 a factor of 72630?
True
Is 34410 a multiple of 31?
True
Does 126 divide 6804?
True
Is 20580 a multiple of 105?
True
Is 7 a factor of 74?
False
Is 13 a factor of 14100?
False
Does 23 divide 2691?
True
Is 22 a factor of 4004?
True
Is 38 a factor of 418?
True
Is 2839 a multiple of 66?
False
Is 278 a multiple of 7?
False
Is 15661 a multiple of 13?
False
Does 18 divide 1673?
False
Does 12 divide 53088?
True
Is 45 a factor of 1350?
True
Does 182 divide 2674?
False
Does 4 divide 16?
True
Does 195 divide 3051?
False
Is 2917 a multiple of 62?
False
Is 16 a factor of 4884?
False
Is 576 a multiple of 16?
True
Does 4 divide 15840?
True
Does 14 divide 122?
False
Does 31 divide 7529?
False
Does 16 divide 5872?
True
Does 30 divide 622?
False
Does 103 divide 18176?
False
Is 4356 a multiple of 10?
False
Is 44 a factor of 1100?
True
Does 17 divide 248?
False
Is 506 a multiple of 3?
False
Is 27819 a multiple of 182?
False
Is 432 a multiple of 27?
True
Is 414 a multiple of 30?
False
Is 65 a factor of 50021?
False
Does 5 divide 13295?
True
Does 32 divide 3172?
False
Is 320 a factor of 13760?
True
Does 4 divide 9423?
False
Is 1356